 prime factors of 8255367?
3, 19, 23, 2099
What are the prime factors of 3361837?
757, 4441
List the prime factors of 573075.
3, 5, 283
List the prime factors of 165449.
165449
What are the prime factors of 962737?
962737
What are the prime factors of 3014355?
3, 5, 17, 11821
List the prime factors of 2364763.
97, 24379
What are the prime factors of 7657008?
2, 3, 159521
List the prime factors of 1895028.
2, 3, 67, 2357
List the prime factors of 27061526.
2, 13530763
What are the prime factors of 40826?
2, 137, 149
List the prime factors of 870964.
2, 23, 9467
List the prime factors of 527971.
97, 5443
List the prime factors of 2688713.
331, 8123
List the prime factors of 5641134.
2, 3, 940189
List the prime factors of 297199.
7, 42457
What are the prime factors of 2677047?
3, 919, 971
What are the prime factors of 726798?
2, 3, 29, 4177
What are the prime factors of 3500937?
3, 11, 35363
List the prime factors of 571297.
23, 59, 421
List the prime factors of 6020541.
3, 31, 7193
What are the prime factors of 1399057?
11, 193, 659
What are the prime factors of 211765?
5, 41, 1033
List the prime factors of 220717.
7, 31531
What are the prime factors of 12034?
2, 11, 547
What are the prime factors of 887369?
7, 109, 1163
What are the prime factors of 1773443?
7, 253349
What are the prime factors of 3548678?
2, 7, 739
List the prime factors of 2631231.
3, 97453
What are the prime factors of 10404282?
2, 3, 7, 31, 61, 131
What are the prime factors of 292815?
3, 5, 241
What are the prime factors of 30291641?
37, 47, 17419
List the prime factors of 1941290.
2, 5, 13, 109, 137
What are the prime factors of 1475706?
2, 3, 47, 5233
List the prime factors of 17325591.
3, 5775197
List the prime factors of 1371709.
157, 8737
What are the prime factors of 7787920?
2, 5, 7, 13907
What are the prime factors of 58033?
131, 443
What are the prime factors of 152292?
2, 3, 7, 37
What are the prime factors of 13051714?
2, 13, 607, 827
List the prime factors of 59862.
2, 3, 11, 907
What are the prime factors of 1940975?
5, 17, 4567
What are the prime factors of 1111619?
59, 83, 227
List the prime factors of 13227690.
2, 3, 5, 7, 62989
List the prime factors of 17109406.
2, 8554703
What are the prime factors of 301768?
2, 67, 563
List the prime factors of 235023.
3, 78341
What are the prime factors of 96560?
2, 5, 17, 71
What are the prime factors of 12183131?
131, 93001
What are the prime factors of 42646079?
7, 53, 71, 1619
List the prime factors of 274783.
274783
What are the prime factors of 63749?
7, 1301
List the prime factors of 1508437.
7, 113, 1907
What are the prime factors of 4220041?
7, 61, 9883
What are the prime factors of 1167514?
2, 137, 4261
List the prime factors of 544559.
19, 28661
What are the prime factors of 4098855?
3, 5, 263, 1039
What are the prime factors of 1917803?
19, 100937
What are the prime factors of 144402?
2, 3, 41, 587
What are the prime factors of 2100410?
2, 5, 13, 107, 151
List the prime factors of 33268931.
33268931
What are the prime factors of 1881316?
2, 47, 10007
List the prime factors of 13135557.
3, 61, 179, 401
List the prime factors of 839360.
2, 5, 43, 61
What are the prime factors of 37586971?
983, 38237
List the prime factors of 16406.
2, 13, 631
What are the prime factors of 17048271?
3, 1051, 5407
What are the prime factors of 266909?
266909
What are the prime factors of 41810?
2, 5, 37, 113
What are the prime factors of 3184868?
2, 796217
What are the prime factors of 22042092?
2, 3, 41, 71, 631
List the prime factors of 114939.
3, 11, 43
What are the prime factors of 672860?
2, 5, 17, 1979
List the prime factors of 14314445.
5, 137, 20897
List the prime factors of 9275822.
2, 419, 11069
What are the prime factors of 13125861?
3, 7, 37, 1877
List the prime factors of 5904674.
2, 43, 68659
What are the prime factors of 241894?
2, 120947
What are the prime factors of 3825802?
2, 19, 83, 1213
List the prime factors of 1865826.
2, 3, 103657
What are the prime factors of 52209?
3, 5801
List the prime factors of 12428959.
101, 123059
What are the prime factors of 240611?
7, 37, 929
What are the prime factors of 1297856?
2, 7, 2897
What are the prime factors of 11768859?
3, 1307651
List the prime factors of 3104252.
2, 73, 10631
What are the prime factors of 247349?
31, 79, 101
List the prime factors of 7097408.
2, 43, 2579
List the prime factors of 252295.
5, 50459
What are the prime factors of 122038?
2, 7, 23, 379
List the prime factors of 3356941.
7, 9787
List the prime factors of 350831.
13, 26987
What are the prime factors of 2259412?
2, 107, 5279
List the prime factors of 913728.
2, 3, 4759
List the prime factors of 535103.
535103
What are the prime factors of 20322734?
2, 523, 19429
List the prime factors of 195319.
195319
What are the prime factors of 326276?
2, 81569
What are the prime factors of 614698?
2, 7, 23, 83
List the prime factors of 2994945.
3, 5, 23, 8681
What are the prime factors of 26681?
26681
List the prime factors of 2392379.
11, 217489
What are the prime factors of 24877742?
2, 12438871
List the prime factors of 104917.
104917
What are the prime factors of 107941?
107941
What are the prime factors of 5388741?
3, 199583
List the prime factors of 582169.
7, 109
What are the prime factors of 238123?
227, 1049
List the prime factors of 904553.
13, 17, 4093
What are the prime factors of 477947?
477947
List the prime factors of 1951992.
2, 3, 7, 1291
What are the prime factors of 959808?
2, 3, 4999
What are the prime factors of 2015325?
3, 5, 13, 53
What are the prime factors of 240091?
17, 29, 487
What are the prime factors of 3118910?
2, 5, 31, 10061
What are the prime factors of 173678?
2, 37, 2347
List the prime factors of 26208196.
2, 7, 936007
What are the prime factors of 382818?
2, 3, 63803
What are the prime factors of 12564149?
13, 19, 50867
What are the prime factors of 1677403?
7, 13, 18433
List the prime factors of 32963832.
2, 3, 11, 41621
List the prime factors of 307185.
3, 5, 20479
What are the prime factors of 254858?
2, 61, 2089
List the prime factors of 2897.
2897
What are the prime factors of 4530062?
2, 1307, 1733
What are the prime factors of 1138243?
241, 4723
List the prime factors of 822820.
2, 5, 41141
What are the prime factors of 8143119?
3, 17, 113, 157
List the prime factors of 28613683.
7, 137, 29837
List the prime factors of 443087.
41, 101, 107
List the prime factors of 263366.
2, 37, 3559
What are the prime factors of 25251043?
277, 91159
What are the prime factors of 201140?
2, 5, 89, 113
List the prime factors of 9002187.
3, 67, 14929
What are the prime factors of 12974621?
11, 17, 69383
What are the prime factors of 659521?
659521
What are the prime factors of 101879?
101879
What are the prime factors of 1756104?
2, 3, 7, 10453
What are the prime factors of 466482?
2, 3, 77747
What are the prime factors of 193200?
2, 3, 5, 7, 23
What are the prime factors of 1095249?
3, 67, 5449
What are the prime factors of 112987?
7, 16141
List the prime factors of 1274686.
2, 7, 13007
List the prime factors of 1389742.
2, 694871
List the prime factors of 5563606.
2, 2781803
List the prime factors of 5250280.
2, 5, 7, 17, 1103
What are the prime factors of 492162?
2, 3, 11, 7457
What are the prime factors of 1380475?
5, 55219
What are the prime factors of 81671?
81671
What are the prime factors of 332285?
5, 66457
What are the prime factors of 208607?
7, 17, 1753
List the prime factors of 334744.
2, 41843
What are the prime factors of 33356436?
2, 3, 2779703
What are the prime factors of 2646118?
2, 17, 223, 349
List the prime factors of 2916298.
2, 7, 11, 29, 653
List the prime factors of 128304.
2, 3, 11
List the prime factors of 8496270.
2, 3, 5, 67, 1409
What are the prime factors of 22569780?
2, 3, 5, 389, 967
List the prime factors of 4800795.
3, 5, 320053
What are the prime factors of 234733?
234733
List the prime factors of 455769.
3, 89, 569
What are the prime factors of 1501298?
2, 601, 1249
What are the prime factors of 1056617?
1056617
List the prime factors of 564.
2, 3, 47
What are the prime factors of 3445679?
17, 157, 1291
What are the prime factors of 849321?
3, 11, 23, 373
List the prime factors of 1403244.
2, 3, 61, 71
What are the prime factors of 